467
Let z(c) = -83*c + 1225. Give z(-33).
3964
Let t(c) = 2*c**3 - 328*c**2 - 10*c + 795. Give t(164).
-845
Let p(k) = -18732*k + 674353. What is p(36)?
1
Let o(s) = -s**2 + 7*s + 1157. Determine o(-35).
-313
Let r(i) = 6*i**2 - 104*i + 758. Calculate r(18).
830
Let w(o) = -57*o**2 + 2217*o - 4007. Calculate w(37).
-11
Let f(j) = -j**3 - 121*j**2 - 2173*j + 502. Determine f(-99).
7
Let l(u) = 2*u**3 - 87*u**2 + 250*u + 116. What is l(40)?
-1084
Let w(h) = -2*h**3 - 43*h**2 + 25*h + 19. What is w(-21)?
-947
Let g(b) = b**2 - 2378*b + 79757. What is g(34)?
61
Let z(b) = 3*b**2 - 154*b - 5800. Calculate z(-25).
-75
Let p(o) = -12*o**3 - o**2 - 65*o - 301. Give p(-5).
1499
Let p(l) = l**3 + 152*l**2 - 373*l - 56668. Give p(-152).
28
Let b(m) = -39389*m - 236339. Give b(-6).
-5
Let l(i) = -15413*i - 693588. Give l(-45).
-3
Let o(b) = -5819*b - 320032. Calculate o(-55).
13
Let p(h) = 1914*h**2 - 11477*h + 30. What is p(6)?
72
Let c(g) = -g**3 + 14*g**2 - 43768*g + 789096. Determine c(18).
-24
Let n(g) = -g**2 + 100*g - 2433. Determine n(75).
-558
Let n(z) = 602*z**2 - 17*z - 63. What is n(-2)?
2379
Let f(l) = 4*l**2 - 142*l - 122. Determine f(27).
-1040
Let t(o) = 6*o**3 + 13*o**2 - 33*o - 99. What is t(-6)?
-729
Let r(i) = -i**3 - 5*i**2 - 136*i - 1508. Give r(-9).
40
Let w(d) = -344*d**2 - 1072*d - 51. Give w(-3).
69
Let k(s) = -233*s**2 + 118*s - 205. What is k(2)?
-901
Let p(o) = 9*o**2 + 121*o + 11. Determine p(-14).
81
Let o(w) = -w**2 - 140*w + 1213. Give o(9).
-128
Let k(m) = -6*m**3 + 708*m**2 - 18*m + 1895. Calculate k(118).
-229
Let n(y) = 4*y**2 - 224*y - 383. Calculate n(63).
1381
Let v(f) = 25*f**2 - 8256*f + 1625. Calculate v(330).
-355
Let g(w) = -551*w**2 - 417*w + 10. Calculate g(2).
-3028
Let o(y) = 3092*y - 358699. Give o(116).
-27
Let m(b) = 2*b**3 + 474*b**2 + 468*b - 811. Determine m(-236).
133
Let d(w) = -4*w**2 + 1198*w - 4756. What is d(4)?
-28
Let j(o) = -27567*o + 1681597. What is j(61)?
10
Let c(z) = -140*z**2 - 3297*z - 1758. Calculate c(-23).
13
Let q(r) = 43*r**2 - 615*r + 1653. Determine q(10).
-197
Let a(x) = -18*x**3 + x**2 + 2995*x + 8974. What is a(-3)?
484
Let g(m) = m**3 + 107*m**2 + 345*m - 291. Give g(-4).
-23
Let z(r) = 65*r**2 + 118*r + 33. Give z(-2).
57
Let o(s) = -8010*s + 46456. Give o(6).
-1604
Let q(i) = -i**3 - 1073*i**2 - 109323*i + 2883. Give q(-959).
6
Let l(v) = v**2 + 17313*v + 155715. Give l(-9).
-21
Let q(i) = -135969*i - 2447450. What is q(-18)?
-8
Let i(v) = 281495*v + 562929. Determine i(-2).
-61
Let t(v) = -5845*v + 23306. What is t(4)?
-74
Let h(x) = x**2 - 33*x - 5176. Calculate h(-58).
102
Let f(z) = -z**3 - z**2 - 25*z - 189. Calculate f(0).
-189
Let c(d) = d**3 - 14*d**2 + 931*d - 10868. Give c(12).
16
Let v(n) = 5453*n - 1074282. Determine v(197).
-41
Let t(s) = s**3 - 97*s**2 + 1814*s - 187665. Calculate t(98).
-289
Let n(h) = -h**3 - 82*h**2 - 85*h + 929. Give n(-81).
1253
Let x(k) = 3*k**2 + 114*k + 127. Give x(-36).
-89
Let r(i) = -2479551*i + 76866076. Give r(31).
-5
Let l(b) = 31*b**3 - 83*b**2 - 55*b - 11. Give l(3).
-86
Let j(w) = 4*w**3 - 52*w**2 - 760*w + 9673. Determine j(12).
-23
Let z(f) = -35904*f - 466743. Determine z(-13).
9
Let r(i) = i**3 + 147*i**2 + 296*i + 1045. What is r(-145)?
175
Let b(c) = -c + 138. Give b(-46).
184
Let h(w) = -w**3 - 19*w**2 + 297*w. What is h(10)?
70
Let q(f) = f**3 + 72*f**2 - 1301*f - 33. Give q(15).
27
Let s(l) = 2*l**2 - 3858*l + 317047. Determine s(86).
51
Let t(o) = -19004*o**2 + 1121237*o - 60. Calculate t(59).
-1
Let y(t) = 4*t**3 + 146*t**2 + 1023*t - 79. Calculate y(-27).
2
Let i(y) = -10*y**2 - 68*y + 1150. Calculate i(14).
-1762
Let v(t) = -3*t**3 - 15*t**2 + 11*t + 862. Determine v(6).
-260
Let n(f) = 1803*f - 20587. Determine n(9).
-4360
Let a(l) = l**3 - 145*l**2 + 5253*l - 698. Give a(69).
-77
Let g(r) = -2*r**3 + 91*r**2 - 45*r - 2238. What is g(44)?
1590
Let a(y) = -2*y**2 - 267*y - 5810. Calculate a(-28).
98
Let r(z) = 47*z**2 - 118*z - 240. Calculate r(-2).
184
Let v(n) = -5*n**3 + 398*n**2 - 3340*n - 1408. Give v(70).
-8
Let i(r) = 9923*r + 2927267. Give i(-295).
-18
Let l(v) = -15749*v + 63003. Calculate l(4).
7
Let s(m) = -m**2 + 28654*m + 9242398. Determine s(-319).
11
Let k(m) = -m**3 - 2316*m**2 - 6961*m + 1. Calculate k(-3).
67
Let k(q) = -13977*q - 83873. Determine k(-6).
-11
Let d(s) = 2*s**2 - 3556*s - 97534. Calculate d(-27).
-64
Let j(w) = 380*w + 10231. Give j(-27).
-29
Let m(k) = -2*k**2 + 4349*k - 2295589. Calculate m(902).
1
Let b(j) = -8487*j + 1773789. Determine b(209).
6
Let z(g) = 56232*g + 19062662. Calculate z(-339).
14
Let y(w) = 16*w**2 + 4532*w - 805859. What is y(-407)?
1
Let i(g) = -g**3 + 12*g**2 + 588*g + 47. Give i(31).
16
Let j(d) = -2*d**2 - 386*d - 2315. Determine j(-187).
-71
Let j(s) = 1281*s - 5007. Determine j(4).
117
Let f(o) = 19081*o - 152663. Determine f(8).
-15
Let c(f) = 149*f**2 - 4933*f + 513. Give c(33).
-15
Let y(g) = -64*g**3 + 4*g**2 - 145*g + 407. What is y(3)?
-1720
Let f(w) = -326*w**2 - 4*w + 301. Determine f(-1).
-21
Let n(z) = -3*z**2 - 288*z + 2952. Calculate n(9).
117
Let b(w) = 26922*w - 2557600. Calculate b(95).
-10
Let z(v) = 53*v**2 + 696*v + 93. Give z(-13).
2
Let g(c) = -6*c**2 + 37*c - 174. Determine g(12).
-594
Let u(h) = -40*h**3 - 51*h**2 - 10*h - 12. Give u(-1).
-13
Let a(x) = -x**3 - 170*x**2 - 5689*x + 686. Give a(-46).
-4
Let a(j) = 285*j**3 + 10*j**2 - 24*j + 19. What is a(2)?
2291
Let w(x) = 1519*x + 343313. Calculate w(-226).
19
Let k(d) = 6*d**3 - 410*d**2 + 544*d - 482. Give k(67).
54
Let d(f) = f**3 + 281*f**2 + 3523*f + 467. Calculate d(-13).
-40
Let a(d) = 3428*d - 23863. Calculate a(7).
133
Let t(d) = -160*d**2 + 2568*d - 2570. What is t(1)?
-162
Let h(j) = 15852*j - 63391. What is h(4)?
17
Let s(g) = g**3 - g**2 - 116*g + 350. What is s(10)?
90
Let l(x) = -29*x - 793. Give l(-10).
-503
Let y(l) = -175*l - 6899. Calculate y(-45).
976
Let j(m) = -3*m**3 + 391*m**2 + 2317*m + 85. What is j(136)?
765
Let w(z) = 2*z**3 - 15*z**2 + 42*z + 33. Determine w(9).
654
Let k(b) = 4846*b**2 - 53256*b - 547. Calculate k(11).
3
Let d(z) = -z**3 + 84*z**2 + 1229*z + 3111. Calculate d(97).
7
Let g(c) = 18*c**2 + 6378*c - 32463. Give g(5).
-123
Let c(p) = -p**3 - 62*p**2 + 1422*p - 328. What is c(-80)?
1112
Let b(p) = -132*p - 608. Calculate b(-1).
-476
Let s(b) = b**2 + 384*b + 35477. What is s(-229)?
-18
Let p(n) = -12*n**2 + 680*n + 23. Determine p(57).
-205
Let y(p) = -15*p**2 + 1704*p - 20. Give y(114).
-704
Let m(s) = -s**3 + 24*s**2 + 346*s - 5950. What is m(28)?
602
Let j(n) = -6*n**2 - n + 35. Give j(2).
9
Let k(n) = -119*n + 14311. Give k(121).
-88
Let c(a) = 4253*a + 63851. Give c(-15).
56
Let t(i) = 6*i**2 - 8027*i - 24093. Give t(-3).
42
Let g(q) = q**3 + 76*q**2 + 714*q - 344. What is g(-65)?
-279
Let w(k) = k**3 - 219*k**2 + 2874*k + 125. Calculate w(205).
945
Let v(u) = -2*u**3 + 6*u**2 + 69*u + 266. Calculate v(-4).
214
Let u(q) = -2*q**3 - 8*q**2 + 8767*q + 43878. What is u(-5)?
93
Let n(j) = -120*j + 1224. What is n(3)?
864
Let x(p) = -2*p**2 - 2351*p + 145686. Give x(59).
15
Let f(j) = 4*j**3 - 1178*j**2 + 7467*j + 6056. Give f(288).
8
Let p(w) = w**3 + 93*w**2 - 2249*w - 221200. Calculate p(-91).
21
Let r(g) = -g**3 - 123*g**2 - 425*g - 52274. Calculate r(-123).
1
Let v(t) = 43*t**2 + 394*t - 1948. Calculate v(5).
1097
Let u(s) = 2*s**3 - 16*s**2 - 67*s - 36. Determine u(10).
-306
Let f(r) = -6*r**2 + 1384*r - 10266. Calculate f(223).
-8
Let x(m) = -4*m**3 + 111*m**2 - 377*m - 1354. Give x(23).
26
Let k(q) = -11*q**2 - 8825*q - 166009. Determine k(-783).
-13
Let l(o) = 403*o - 19730. What is l(49)?
17
Let t(d) = -2*d**3 - 806*d**2 + 2289*d + 270969. What is t(-405)?
24
Let p(u) = -10308*u + 16. Calculate p(0).
16
Let z(r) = 16*r**3 + 7*r**2 - 15*r - 3. What is z(5)?
2097
Let w(v) = v**3 + 61*v**2 + 213*v - 222. Give w(-57).
633
Let z(t) = 15*t**3 - 126*t**2 - 385*t - 5. Give z(-3).
-389
Let y(u) = 4*u**2 + 1447*u + 63374. Calculate y(-51).
-19
Let m(g) = 15*g**2 + 321*g + 646. What is m(-2)?
64
Let a(p) = -401*p - 12799. Give a(-32).
33
Let a(k) = 7*k**2 - 35*k - 426. What is a(-9)?
456
Let v(c) = 771*c - 14781. Give v(21).
1410
Let a(y) = -y**2 - 56*y + 1. What is a(-81)?
-2024
Let s(i) = i**3 - 390*i**2 - 788*i + 1330. Give s(392).
